f(1)?
6
Let j(l) = 2*l - 3. Let g = 0 - 3. Let n(b) = b**3 + 2*b**2 - 4*b. Let k be n(g). Give j(k).
3
Suppose -3*l - 5*z = -16, 7 = 5*z - 3. Let c be (2 - (1 - l)) + -8. Let t(i) = -i**3 - 6*i**2 - 2*i + 5. Calculate t(c).
-10
Let i(d) = 5*d**2 - d**3 - 4 + 26*d - 15*d + 2 - 5*d. Calculate i(6).
-2
Let x = -44 + 38. Let f(l) = l - 5 - 2*l - l. Give f(x).
7
Suppose 6 - 2 = 2*c. Let z(x) = x**3 + x**2 - 3*x + 2. What is z(c)?
8
Let a(u) = u + 1. Let p be 6 - 1 - 3 - -3. Let l be a(p). Let s(f) = f**2 - 5*f. Calculate s(l).
6
Let u(a) be the second derivative of -a**3/6 + a**2 + 11*a. Determine u(-5).
7
Let i = 0 + 2. Let t(k) = -5 + 2*k + 3 + 0*k. What is t(i)?
2
Let r(o) = -o**2 - 5*o + 3. Let g = -21 - -15. Calculate r(g).
-3
Let z(o) = o + 4. Suppose -5*y + 9 = 2*n - 8, -7 = 5*n - 4*y. Let v be (-6)/(-2)*n + -9. Determine z(v).
-2
Let z(s) = 2 - 4 + s - 3*s. Suppose 5*y - 78 = 4*d - 41, -4*d = 2*y + 2. What is z(d)?
4
Let y(i) = i**3 + 6*i**2 - i + 6. Let r be y(-6). Suppose 0*t + 3*t - r = 0. Let h(l) = -l**3 + 3*l**2 + 6*l - 6. Calculate h(t).
2
Let s(u) = 7*u - 2. Suppose 20 = -3*a - 2*a. Let l = a + 6. Determine s(l).
12
Let v(x) = -x**2 - 2*x + 4. Let w(y) = -y**2 + 3*y. Let r be w(2). Suppose 5*o = 0, -4*m + 84 = 3*o - r*o. Suppose 5*f + m = 1. What is v(f)?
-4
Suppose -40 = o + o. Let n be 3*(o/(-6) - 2). Suppose n*r + 3*x = -26, 5*r = -0*r - 4*x - 33. Let y(f) = -f**3 - 5*f**2 - f - 4. What is y(r)?
1
Let b(s) = -s - 1. Let y(w) = 11*w + 10. Let x(c) = 6*b(c) + y(c). Give x(-4).
-16
Let q(t) = 1. Let g(u) = -2*u + 4. Let w(b) = g(b) + q(b). Calculate w(5).
-5
Let c(z) = -z - 11. Let m(r) be the second derivative of -r**5/20 - r**4/6 + r**3/2 + 3*r. Let g be m(-3). What is c(g)?
-11
Suppose 3*h - 11 = 1. Suppose -k - 8 = -h. Let l(t) = -t - 1 - 1 + 2. Determine l(k).
4
Let u = 4 + -1. Let r(m) = -u*m - 7*m - m**2 - 4 + 3*m. Determine r(-5).
6
Let z(u) = u + 11. Let s(f) = f + 16. Let x(r) = 5*s(r) - 7*z(r). Let t be x(-1). Let p(q) = q - 7. What is p(t)?
-2
Let d(j) be the third derivative of j**9/60480 + j**8/4032 - j**7/720 + j**6/144 + j**5/15 + 3*j**2. Let k(t) be the third derivative of d(t). Determine k(-6).
11
Let z(n) = n - 1. Let i be z(1). Let h = -4 - i. Let t(u) = 2*u**2 - 7*u - 2. Let d(k) = 3*k**2 - 8*k - 1. Let a(b) = -3*d(b) + 4*t(b). Give a(h).
-5
Let a(j) = j**3 + 5*j**2 + 7*j + 6. Let p(c) = c**3 + 5*c**2 - 3*c - 7. Let r be p(-5). Let f be (-3)/12 - 30/r. Determine a(f).
-6
Let c(w) be the second derivative of 0*w**3 - 1/2*w**2 - 1/60*w**5 + 1/12*w**4 + 0 + 3*w. Let r(s) be the first derivative of c(s). Give r(3).
-3
Let x be 5/15*(4 - 1). Let r(q) = 3*q**3 - q + 1. Let m be r(x). Let z(n) = -3*n**m - 5*n - n**2 + 0*n**2 - 2*n**2 + 4*n**3. Give z(4).
-4
Let l(d) = -1. Let b(v) = -v + 6. Let z(c) = -2*b(c) - 6*l(c). Suppose 4*k = 2*k + 2. Let s = 4 + k. Give z(s).
4
Let h(c) = -c**2 - 1 - c - 4*c**2 + 4*c**2. Suppose -90*z - 5 = -85*z. What is h(z)?
-1
Let y(r) = r**2 - r - 3. Let q be 4/(-6)*(6 - 0)*-1. Determine y(q).
9
Let b(k) = -k - 4. Let z(u) = 5*u - 3. Let i(q) = 14*q - 8. Let s(h) = 4*i(h) - 11*z(h). Let w be s(-1). What is b(w)?
-4
Let r(s) be the first derivative of -s**3/3 + 2*s**2 - 2*s - 9. Give r(5).
-7
Suppose -2*q - 2 + 14 = 0. Let n be ((-4)/q)/(2/3). Let x(c) = c. Calculate x(n).
-1
Let w(k) = -2*k**2 + 2. Let g(x) be the first derivative of x**3/3 + x**2/2 - x + 3. Let i(n) = 3*g(n) + w(n). What is i(-3)?
-1
Suppose 3*a - 2*g - 13 = 0, -6*a + 4*g = -a - 21. Let q(w) = 2 + 1 - 3 - a + w. Determine q(6).
1
Let r(v) = 4*v + 2. Let m be 20/5 - (1 - 0). Let s(j) = 11*j + 6. Let n(g) = m*s(g) - 8*r(g). Calculate n(-1).
1
Let q(j) = j**2 - 7*j + 3. Let v be q(7). Let u(k) be the first derivative of 1/2*k**2 - 1/3*k**v - 2 + 0*k. What is u(2)?
-2
Let y = 18 + -17. Let o(b) = -b**3 - 7*b**2 - 8*b - 9. Let i be o(-6). Let p(h) = 0*h + 1 + 7*h**2 - i*h + h. Calculate p(y).
6
Let n be (6 - 9) + (9 - -1 - -1). Let p(u) = -u**2 + 8*u - 8. What is p(n)?
-8
Let l = -5 - 0. Let b(s) = -s**3 - 4*s**2 + 3*s + 4. Give b(l).
14
Let f(p) = 4*p**2 - 27*p + 14. Let c(z) = -z**2 + 7*z - 3. Let j(y) = -9*c(y) - 2*f(y). Determine j(6).
-19
Let o be 9/15 - (-6)/(-10). Let u(c) be the third derivative of o + c**2 + 0*c + 1/6*c**3 - 1/24*c**4. What is u(-4)?
5
Let v(x) = -x + 1. Let o(m) = 2*m**2 - 3*m. Let g(l) = -o(l) + 4*v(l). Determine g(-3).
-11
Let w(s) be the first derivative of s**2/2 - 4*s - 43. What is w(3)?
-1
Suppose 2*o = 7*o - 40. Let r = -9 + o. Let u(t) = -t**2 + 1 - t**2 - t**2. Determine u(r).
-2
Let i(z) = 0 - 1 + 3*z + 3 - 2*z. Let y be i(-3). Let d(t) = t**3 - 2*t**2 + 1. What is d(y)?
-2
Let q be (-1)/4 - 6/(-48)*74. Let t(d) = d**3 - 10*d**2 + 9*d + 5. What is t(q)?
5
Let i(w) = -11*w**2 + w. Let v(k) = k**2 + 6*k - 1. Let s be v(-5). Suppose 5*x = -2*n + 35, 0 = -4*x - 0*x + 3*n + 28. Let o = s + x. Calculate i(o).
-10
Let q(s) = s**3 - 3*s**2 - 5*s + 6. Let x be q(4). Let h(g) = -6*g - 3*g**2 - 3*g**2 + 2*g**x - 1 + 5*g**2. Calculate h(3).
-10
Let x(s) = -2*s + 10 - 5 - 8. What is x(9)?
-21
Let k(c) = -c**2 - 15*c - 3. Let n(u) = u**2 + 14*u + 3. Let g(d) = 6*k(d) + 7*n(d). Let v = 12 - 18. Calculate g(v).
-9
Suppose -3*h = -7*h + 4. Let r be (-5)/((-1)/1*h). Let o(b) = 0*b - 2 + 5 - b. Determine o(r).
-2
Let g(a) = -a**2 + 2*a - 2. Let y(r) = -r**2 + 2*r - 2. Let t(f) = 5*g(f) - 6*y(f). Let x be (-2)/5 + 54/10. Suppose x*u = -0 + 10. Calculate t(u).
2
Let u be (-28)/6 + 1/(-3). Let s(p) be the third derivative of 0*p - 2*p**2 - 1/12*p**4 - 7/6*p**3 + 0. What is s(u)?
3
Let q(c) = 2*c + 3. Let z = 4 - 11. Calculate q(z).
-11
Let p(u) = u**2 - 3*u + 0*u**2 + 2*u - 9 + 0*u. Give p(0).
-9
Let o(p) be the second derivative of 0*p**2 + 1/6*p**3 + 0 - 9*p. Suppose -12 = -5*g - 2*u, -g + 7 = 4*u + 1. What is o(g)?
2
Suppose 10 = 4*l - 2*l. Let o(r) = 3 - 2 - 2 + l*r**2. Let s = 3 + -4. Determine o(s).
4
Let p(n) = -4*n**3 - 2*n**2 + 1. Let f be (4/10)/(8/40). Suppose 1 = f*j - 3*j. Give p(j).
3
Let d be 0*(2 - (-3 + 4))*-1. Let x(t) = t**2 - 7. Calculate x(d).
-7
Let n be 1/((-2)/(0 + -2)). Let f be (-1 + n/1)/(-2). Let l(q) = 7*q + 12. Let h(x) = -11*x - 18. Let t(j) = 5*h(j) + 8*l(j). What is t(f)?
6
Let x(p) = -4*p - 11. Let r(n) = 13*n + 34. Let q(h) = -2*r(h) - 7*x(h). Calculate q(-6).
-3
Let z(b) = -b**3 - 4*b**2 - 3*b + 4. Suppose -1 = -4*r - 5. Let k = -1 - r. Let d be (-3)/(0 - -1) + k. Calculate z(d).
4
Suppose -2*m = -t, 0*t = m + 4*t - 18. Let y(q) = q + m + 0*q**2 - 2*q - 6*q - q**2. What is y(-7)?
2
Let f(q) = -4*q**2 + q. Let u(w) = 5*w**2 - w. Let a(y) = -4*f(y) - 3*u(y). Let s be a(2). Let t(r) = r**s + 0 + 1 + 0. Give t(2).
5
Let g = 87 + -22. Let f(q) = g*q**2 - q**3 - 64*q**2 + 0*q**3. Determine f(1).
0
Let h(p) be the first derivative of p**3/6 + p - 1. Let c(r) be the first derivative of h(r). Let j(v) = -v**2 - v + 4. Let d be j(-3). Give c(d).
-2
Suppose 13*r = 15*r + 2. Let u(n) = -7*n. Let x be u(r). Let b(i) = 2*i - 7. What is b(x)?
7
Let a(v) = 2*v**2 + 1 + 0 + 2*v**2 - 2 + 2*v. What is a(1)?
5
Suppose -3*k + 11 = 3*a + a, -a = k - 2. Suppose 2*o - 10 = -2*r, 3*o + 0*o = r - a. Let t(b) = 5 + 5*b + b**2 + o*b + 0. Give t(-4).
1
Let y(c) be the third derivative of c**5/60 + 5*c**4/24 + c**3/2 + 15*c**2. Let b = -4 - -8. Suppose v = -0*v - b. Calculate y(v).
-1
Let t(f) = f**3 + 4*f**2 - 6*f - 4. Suppose -3*u + 4*v = -21, 2*v + 2 = u - 7. Let p(j) = -5 - j**u + 0*j + j + 6*j**2 - 2*j - 4*j. Let h be p(5). What is t(h)?
1
Suppose -3*c + h = -5, -4*c + 2*h - 6*h + 12 = 0. Let d(l) = -c*l + 0*l + 1 + 8*l + 0*l. Give d(1).
7
Let s(v) = v. Let h(p) = 2*p - 1. Let r(w) = h(w) + 5*s(w). Determine r(-2).
-15
Let j be (-32)/6 + (-2)/3. Let h(k) = 5*k - 2*k + 5 - 2 - 2*k. What is h(j)?
-3
Let k(w) = w + 1. Suppose 0 = 5*v - v. Let x be k(v). Let a(m) be the second derivative of -7*m**5/20 - m**4/6 + m**3/3 - m**2/2 - m. What is a(x)?
-8
Let i be (1/(-2))/((-3)/(-30)). Let y(s) be the second derivative of -7/2*s**2 - 1/3*s**3 - s + 0. Determine y(i).
3
Let o be (-6)/12 - (-1)/(-2). Let d(s) be the first derivative of s**4/4 + s**3/3 - s**2/2 + 11. What is d(o)?
1
Let g be -4*((-22)/8 - 1). Suppose a + 4*c + 3 - 1 = 0, 3*a + 3*c = 12. Suppose -z = -4*t + 20, 0 = -a*t + 3*t + g. Let y(h) = 